

{"id":115,"date":"2025-05-23T14:22:34","date_gmt":"2025-05-23T17:22:34","guid":{"rendered":"https:\/\/www.afisvecsaude.org.br\/areadobeneficiario\/?page_id=115"},"modified":"2025-07-14T13:41:17","modified_gmt":"2025-07-14T16:41:17","slug":"identificacao","status":"publish","type":"page","link":"https:\/\/www.afisvecsaude.org.br\/areadobeneficiario\/identificacao\/","title":{"rendered":"Identifica\u00e7\u00e3o do Benefici\u00e1rio"},"content":{"rendered":"\t\t<div data-elementor-type=\"wp-page\" data-elementor-id=\"115\" class=\"elementor elementor-115\">\n\t\t\t\t<div class=\"elementor-element elementor-element-d5cf9af e-con-full e-flex e-con e-parent\" data-id=\"d5cf9af\" data-element_type=\"container\" data-e-type=\"container\">\n\t\t\t\t<div class=\"elementor-element elementor-element-773e510 elementor-widget elementor-widget-shortcode\" data-id=\"773e510\" data-element_type=\"widget\" data-e-type=\"widget\" data-widget_type=\"shortcode.default\">\n\t\t\t\t<div class=\"elementor-widget-container\">\n\t\t\t\t\t\t\t<div class=\"elementor-shortcode\">\n<div class=\"afisvec-consulta-container\">\n    <img decoding=\"async\" src=\"https:\/\/www.afisvecsaude.org.br\/areadobeneficiario\/wp-content\/plugins\/afisvec-consulta-embutido\/assets\/logotipoAfisvec.png\" alt=\"Logo AFISVEC\" class=\"afisvec-consulta-logo\">\n    <h2 class=\"afisvec-consulta-title\">Identifica\u00e7\u00e3o do Benefici\u00e1rio<\/h2>\n    \n    <div class=\"afisvec-consulta-button-group\">\n        <button type=\"button\" class=\"afisvec-consulta-button\" onclick=\"consultarRelatorio()\">\n            Consultar        <\/button>\n    <\/div>\n    \n    <div id=\"afisvec-consulta-error\" class=\"afisvec-consulta-error\">\n        N\u00e3o foi poss\u00edvel obter o CPF. Por favor, verifique se o campo CPF est\u00e1 preenchido no seu perfil.    <\/div>\n    \n    <!-- \u00c1rea para exibir o relat\u00f3rio -->\n    <div id=\"afisvec-relatorio-container\" class=\"afisvec-relatorio-container\">\n        <div id=\"afisvec-loading\" class=\"afisvec-loading\" style=\"display: none;\">\n            <div class=\"afisvec-spinner\"><\/div>\n            <p>Carregando relat\u00f3rio...<\/p>\n        <\/div>\n        <iframe id=\"afisvec-relatorio-frame\" class=\"afisvec-relatorio-frame\" style=\"display: none;\"><\/iframe>\n    <\/div>\n    \n    <\/div>\n<\/div>\n\t\t\t\t\t\t<\/div>\n\t\t\t\t<\/div>\n\t\t\t\t<\/div>\n\t\t\t\t<\/div>\n\t\t","protected":false},"excerpt":{"rendered":"","protected":false},"author":1,"featured_media":0,"parent":0,"menu_order":0,"comment_status":"closed","ping_status":"closed","template":"","meta":{"_acf_changed":false,"site-sidebar-layout":"no-sidebar","site-content-layout":"","ast-site-content-layout":"full-width-container","site-content-style":"default","site-sidebar-style":"default","ast-global-header-display":"","ast-banner-title-visibility":"","ast-main-header-display":"","ast-hfb-above-header-display":"","ast-hfb-below-header-display":"","ast-hfb-mobile-header-display":"","site-post-title":"disabled","ast-breadcrumbs-content":"","ast-featured-img":"disabled","footer-sml-layout":"","ast-disable-related-posts":"","theme-transparent-header-meta":"","adv-header-id-meta":"","stick-header-meta":"","header-above-stick-meta":"","header-main-stick-meta":"","header-below-stick-meta":"","astra-migrate-meta-layouts":"default","ast-page-background-enabled":"default","ast-page-background-meta":{"desktop":{"background-color":"var(--ast-global-color-5)","background-image":"","background-repeat":"repeat","background-position":"center center","background-size":"auto","background-attachment":"scroll","background-type":"","background-media":"","overlay-type":"","overlay-color":"","overlay-opacity":"","overlay-gradient":""},"tablet":{"background-color":"","background-image":"","background-repeat":"repeat","background-position":"center center","background-size":"auto","background-attachment":"scroll","background-type":"","background-media":"","overlay-type":"","overlay-color":"","overlay-opacity":"","overlay-gradient":""},"mobile":{"background-color":"","background-image":"","background-repeat":"repeat","background-position":"center center","background-size":"auto","background-attachment":"scroll","background-type":"","background-media":"","overlay-type":"","overlay-color":"","overlay-opacity":"","overlay-gradient":""}},"ast-content-background-meta":{"desktop":{"background-color":"var(--ast-global-color-4)","background-image":"","background-repeat":"repeat","background-position":"center center","background-size":"auto","background-attachment":"scroll","background-type":"","background-media":"","overlay-type":"","overlay-color":"","overlay-opacity":"","overlay-gradient":""},"tablet":{"background-color":"var(--ast-global-color-4)","background-image":"","background-repeat":"repeat","background-position":"center center","background-size":"auto","background-attachment":"scroll","background-type":"","background-media":"","overlay-type":"","overlay-color":"","overlay-opacity":"","overlay-gradient":""},"mobile":{"background-color":"var(--ast-global-color-4)","background-image":"","background-repeat":"repeat","background-position":"center center","background-size":"auto","background-attachment":"scroll","background-type":"","background-media":"","overlay-type":"","overlay-color":"","overlay-opacity":"","overlay-gradient":""}},"footnotes":""},"class_list":["post-115","page","type-page","status-publish","hentry"],"acf":[],"_links":{"self":[{"href":"https:\/\/www.afisvecsaude.org.br\/areadobeneficiario\/wp-json\/wp\/v2\/pages\/115","targetHints":{"allow":["GET"]}}],"collection":[{"href":"https:\/\/www.afisvecsaude.org.br\/areadobeneficiario\/wp-json\/wp\/v2\/pages"}],"about":[{"href":"https:\/\/www.afisvecsaude.org.br\/areadobeneficiario\/wp-json\/wp\/v2\/types\/page"}],"author":[{"embeddable":true,"href":"https:\/\/www.afisvecsaude.org.br\/areadobeneficiario\/wp-json\/wp\/v2\/users\/1"}],"replies":[{"embeddable":true,"href":"https:\/\/www.afisvecsaude.org.br\/areadobeneficiario\/wp-json\/wp\/v2\/comments?post=115"}],"version-history":[{"count":10,"href":"https:\/\/www.afisvecsaude.org.br\/areadobeneficiario\/wp-json\/wp\/v2\/pages\/115\/revisions"}],"predecessor-version":[{"id":327,"href":"https:\/\/www.afisvecsaude.org.br\/areadobeneficiario\/wp-json\/wp\/v2\/pages\/115\/revisions\/327"}],"wp:attachment":[{"href":"https:\/\/www.afisvecsaude.org.br\/areadobeneficiario\/wp-json\/wp\/v2\/media?parent=115"}],"curies":[{"name":"wp","href":"https:\/\/api.w.org\/{rel}","templated":true}]}}